?
-3
-42 (base 7) to base 3
-1010
Convert 1 (base 3) to base 12.
1
What is b (base 13) in base 7?
14
Convert 2 (base 3) to base 11.
2
Convert -2 (base 15) to base 10.
-2
What is -10 (base 9) in base 6?
-13
Convert 56 (base 7) to base 8.
51
What is -5 (base 16) in base 6?
-5
Convert 112 (base 3) to base 6.
22
What is 1 (base 14) in base 10?
1
-8a (base 12) to base 9
-127
What is -3 (base 9) in base 14?
-3
4 (base 14) to base 15
4
-18 (base 13) to base 6
-33
What is 23 (base 16) in base 9?
38
-347 (base 11) to base 9
-510
Convert -ea (base 15) to base 11.
-190
Convert -41 (base 7) to base 11.
-27
42 (base 12) to base 5
200
-2 (base 5) to base 2
-10
1b (base 14) to base 13
1c
What is 10 (base 2) in base 5?
2
What is -5 (base 16) in base 9?
-5
What is 2 (base 9) in base 15?
2
What is -3 (base 10) in base 6?
-3
What is -4 (base 6) in base 3?
-11
Convert 215 (base 7) to base 15.
75
What is -1 (base 4) in base 7?
-1
Convert -10111 (base 2) to base 15.
-18
What is -2 (base 10) in base 12?
-2
4 (base 12) to base 2
100
Convert 11111 (base 3) to base 14.
89
What is 1131 (base 4) in base 12?
79
What is -2 (base 5) in base 9?
-2
What is -140 (base 6) in base 15?
-40
What is 20 (base 5) in base 4?
22
What is -53 (base 7) in base 14?
-2a
What is -74 (base 8) in base 10?
-60
7 (base 11) to base 16
7
What is -1 (base 12) in base 13?
-1
Convert 1 (base 7) to base 8.
1
5 (base 15) to base 14
5
0 (base 9) to base 13
0
What is -1 (base 8) in base 5?
-1
-2 (base 8) to base 12
-2
What is 2 (base 12) in base 7?
2
2 (base 8) to base 3
2
-6 (base 9) to base 15
-6
11110 (base 2) to base 15
20
-100101010 (base 2) to base 14
-174
-10 (base 6) to base 13
-6
-10 (base 6) to base 13
-6
What is -2 (base 9) in base 3?
-2
What is -17 (base 8) in base 16?
-f
11 (base 2) to base 6
3
-2 (base 11) to base 16
-2
Convert -152 (base 8) to base 13.
-82
Convert -18 (base 13) to base 9.
-23
-3 (base 7) to base 12
-3
Convert -22 (base 4) to base 5.
-20
Convert -1 (base 16) to base 9.
-1
Convert -47 (base 11) to base 7.
-102
What is -1b (base 15) in base 10?
-26
What is -122 (base 6) in base 4?
-302
203 (base 10) to base 14
107
-a (base 16) to base 14
-a
Convert 3 (base 10) to base 15.
3
What is -7 (base 11) in base 15?
-7
What is ab (base 12) in base 15?
8b
Convert 6 (base 13) to base 9.
6
14 (base 10) to base 16
e
What is -10 (base 13) in base 7?
-16
0 (base 14) to base 7
0
Convert -54 (base 6) to base 11.
-31
What is 103 (base 6) in base 9?
43
Convert -33 (base 8) to base 13.
-21
What is -631 (base 7) in base 4?
-10330
2 (base 9) to base 11
2
-15 (base 15) to base 9
-22
What is 176 (base 12) in base 11?
1a3
9 (base 13) to base 16
9
Convert 7 (base 16) to base 12.
7
Convert -1 (base 10) to base 5.
-1
Convert -12 (base 4) to base 11.
-6
Convert 35 (base 12) to base 6.
105
18 (base 10) to base 13
15
Convert -3 (base 16) to base 8.
-3
What is -11 (base 8) in base 16?
-9
What is -3121 (base 4) in base 8?
-331
What is 8 (base 11) in base 10?
8
Convert 10 (base 4) to base 15.
4
52 (base 7) to base 8
45
What is 14 (base 11) in base 9?
16
-2 (base 11) to base 2
-10
Convert -10 (base 14) to base 12.
-12
What is 8 (base 10) in base 14?
8
What is -46 (base 7) in base 9?
-37
Convert 181 (base 11) to base 14.
110
What is 65 (base 16) in base 10?
101
Convert -11 (base 4) to base 8.
-5
-93 (base 14) to base 9
-153
Convert -22 (base 16) to base 11.
-31
-4 (base 5) to base 10
-4
What is -6 (base 16) in base 7?
-6
What is 106 (base 16) in base 12?
19a
What is -213 (base 4) in base 12?
-33
101000 (base 2) to base 11
37
Convert -2 (base 10) to base 5.
-2
-3012 (base 4) to base 12
-146
Convert -5 (base 9) to base 11.
-5
What is -6f (base 16) in base 3?
-11010
-11 (base 10) to base 6
-15
6 (base 10) to base 7
6
Convert 6 (base 12) to base 15.
6
10 (base 4) to base 2
100
-11 (base 16) to base 14
-13
4c (base 16) to base 14
56
1 (base 6) to base 15
1
Convert -10212 (base 3) to base 15.
-6e
What is -1 (base 9) in base 5?
-1
What is -4 (base 11) in base 9?
-4
Convert -b (base 16) to base 4.
-23
What is a (base 13) in base 2?
1010
Convert -2 (base 7) to base 12.
-2
What is 90 (base 11) in base 4?
1203
Convert 1 (base 14) to base 11.
1
What is -12 (base 6) in base 12?
-8
Convert -3a (base 16) to base 12.
-4a
Convert 50 (base 11) to base 6.
131
Convert -41 (base 7) to base 4.
-131
What is 17 (base 14) in base 9?
23
2 (base 5) to base 9
2
Convert 24 (base 7) to base 6.
30
What is 6 (base 8) in base 7?
6
What is 6 (base 10) in base 4?
12
47 (base 15) to base 12
57
What is 3 (base 6) in base 5?
3
What is -2 (base 14) in base 15?
-2
-5 (base 12) to base 6
-5
1011000 (base 2) to base 3
10021
What is 60 (base 10) in base 11?
55
Convert 20 (base 8) to base 6.
24
Convert 16 (base 14) to base 16.
14
What is -3 (base 14) in base 2?
-11
-86 (base 12) to base 14
-74
What is -14 (base 15) in base 3?
-201
What is -16 (base 11) in base 8?
-21
Convert -1 (base 10) to base 9.
-1
Convert -12 (base 13) to base 8.
-17
Convert 1 (base 7) to base 14.
1
What is 41 (base 14) in base 4?
321
What is 4 (base 13) in base 2?
100
What is 98 (base 15) in base 16?
8f
11 (base 3) to base 7
4
What is -3 (base 12) in base 10?
-3
Convert 23 (base 5) to base 12.
11
Convert 1 (base 9) to base 2.
1
-1 (base 4) to base 13
-1
What is -125 (base 10) in base 2?
-1111101
Convert -111 (base 7) to base 4.
-321
Convert 1011 (base 6) to base 2.
11011111
What is -24 (base 5) in base 13?
-11
Convert 6 (base 16) to base 3.
20
1 (base 5) to base 11
1
What is 20 (base 7) in base 3?
112
What is 122 (base 4) in base 8?
32
What is 131 (base 6) in base 4?
313
-21 (base 13) to base 3
-1000
What is -8 (base 9) in base 16?
-8
What is 3 (base 5) in base 12?
3
What is 11 (base 8) in base 5?
14
Convert 2202 (base 3) to base 6.
202
Convert -2 (base 3) to base 5.
-2
-1 (base 16) to base 10
-1
8d (base 15) to base 8
205
3 (base 11) to base 7
3
Convert 1010 (base 2) to base 14.
a
Convert 10 (base 4) to base 13.
4
Convert -33 (base 11) to base 9.
-40
What is 1 (base 7) in base 10?
1
Convert -5b (base 16) to base 14.
-67
-26 (base 13) to base 8
-40
1a (base 12) to base 4
112
-230 (base 9) to base 7
-360
What is 3 (base 14) in base 4?
3
Convert 3 (base 14) to base 7.
3
What is 42 (base 12) in base 15?
35
What is 12 (base 16) in base 12?
16
What is -d (base 14) in base 7?
-16
Convert 2 (base 15) to base 2.
10
-1333 (base 6) to base 8
-531
0 (base 12) to base 15
0
-2 (base 10) to base 5
-2
What is -1 (base 3) in base 7?
-1
What is 13 (base 16) in base 9?
21
What is -18b (base 13) in base 6?
-1152
Convert -2 (base 11) to base 15.
-2
Convert 10 (base 3) to base 5.
3
1100 (base 2) to base 16
c
What is -124 (base 5) in base 9?
-43
Convert 8 (base 12) to base 4.
20
What is -7 (base 8) in base 6?
-11
-6 (base 16) to base 8
-6
Convert e (base 15) to base 12.
12
55 (base 6) to base 8
43
-54 (base 10) to base 11
-4a
10 (base 4) to base 9
4
f (base 16) to base 9
16
What is -22 (base 5) in base 4?
-30
-4 (base 12) to base 5
-4
Convert -18 (base 13) to base 8.
-25
Convert 109 (base 10) to base 3.
11001
What is -11 (base 10) in base 7?
-14
Convert -128 (base 10) to base 11.
-107
What is -7 (base 13) in base 2?
-111
-b1 (base 15) to base 8
-246
What is -1d (base 15) in base 6?
-44
What is -13 (base 11) in base 6?
-22
What is -105 (base 6) in base 14?
-2d
What is 33 (base 10) in base 3?
1020
Convert 3 (base 10) to base 14.
3
2b (base 15) to base 10
41
What is 0 (base 15) in base 16?
0
What is -31 (base 5) in base 15?
-11
6 (base 9) to base 11
6
What is 110 (base 2) in base 6?
10
Convert 25 (base 12) to base 8.
35
Convert -10312 (base 4) to base 10.
-310
What is -116 (base 11) in base 2?
-10001010
What is 3 (base 10) in base 3?
10
What is 36 (base 7) in base 12?
23
13 (base 4) to base 9
7
What is 142 (base 5) in base 16?
2f
Convert 5 (base 9) to base 6.
5
What is -10 (base 3) in base 7?
-3
-66 (base 8) to base 16
-36
Convert 3 (base 10) to base 4.
3
-16 (base 10) to base 11
-15
What is -2 (base 10) in base 11?
-2
What is -4 (base 13) in base 4?
-10
What is 21 (base 16) in base 4?
201
-42 (base 12) to base 13
-3b
What is -2 (base 12) in base 8?
-2
What is -1021 (base 4) in base 15?
-4d
What is 2 (base 8) in base 13?
2
Convert -10101 (base 2) to base 4.
-111
What is -4 (base 14) in base 13?
-4
What 